atest common factor of 55 and 21346105.
55
What is the greatest common factor of 2187 and 1091178?
27
What is the greatest common divisor of 25284058 and 16348?
134
What is the highest common divisor of 870939 and 774?
9
What is the highest common factor of 5 and 925101?
1
Calculate the greatest common factor of 2892 and 150576.
12
What is the greatest common divisor of 209 and 48961?
11
What is the highest common divisor of 957 and 12002259?
87
What is the highest common factor of 13 and 383030492?
13
Calculate the greatest common divisor of 8 and 32826296.
8
What is the greatest common factor of 386127 and 65376?
2043
What is the highest common factor of 591 and 28942649?
197
What is the greatest common factor of 4388944 and 1918?
14
What is the highest common factor of 4 and 6459931?
1
What is the greatest common factor of 4998206 and 4?
2
What is the highest common factor of 5996888 and 744?
248
What is the highest common divisor of 614143019 and 49?
49
What is the greatest common divisor of 2111430 and 810?
30
Calculate the highest common divisor of 4928 and 7839062.
154
Calculate the greatest common factor of 195840 and 43020.
180
What is the highest common divisor of 499212 and 27168?
3396
Calculate the highest common factor of 25670 and 32113.
17
What is the highest common divisor of 11529 and 44458813?
427
Calculate the highest common divisor of 63386265 and 428.
107
Calculate the greatest common factor of 2151798 and 42.
6
What is the highest common factor of 796344 and 384?
24
What is the highest common factor of 184 and 1004801?
23
What is the greatest common divisor of 3799 and 545167897?
3799
What is the highest common divisor of 19674 and 3539134?
2186
What is the greatest common divisor of 14395 and 154190?
5
What is the highest common factor of 260702 and 16081?
13
What is the highest common factor of 23 and 4586679?
1
What is the greatest common divisor of 4710 and 6937202?
314
What is the highest common factor of 334 and 24265601?
167
What is the greatest common divisor of 7497 and 26045411?
833
What is the highest common divisor of 789828 and 44?
4
Calculate the highest common factor of 1257520 and 1232.
176
What is the greatest common factor of 8027961 and 153?
51
What is the greatest common divisor of 286123 and 4250401?
797
What is the highest common factor of 2413842 and 2?
2
What is the greatest common factor of 144 and 69677376?
48
Calculate the greatest common factor of 39950 and 18740545.
3995
Calculate the greatest common divisor of 66502460 and 30.
10
Calculate the highest common divisor of 3419 and 871169.
13
What is the highest common divisor of 124 and 123128?
4
What is the greatest common factor of 684 and 2744484?
12
What is the highest common divisor of 2828 and 645022?
14
What is the greatest common divisor of 2165229 and 77913?
99
What is the greatest common divisor of 1568564488 and 184?
184
What is the greatest common factor of 492 and 14757909?
123
Calculate the highest common factor of 39209406 and 30.
6
Calculate the greatest common factor of 55376815 and 325.
65
Calculate the highest common factor of 578 and 126912344.
34
What is the greatest common factor of 10132434 and 43?
43
What is the highest common factor of 88230452 and 228?
76
Calculate the highest common divisor of 204 and 1088456892.
204
Calculate the highest common divisor of 3022 and 135677223.
1511
What is the highest common factor of 1325921716 and 4?
4
What is the greatest common divisor of 13584 and 4608?
48
Calculate the greatest common divisor of 303886 and 915293.
727
Calculate the greatest common divisor of 76539651 and 2077.
31
Calculate the greatest common factor of 35945 and 64385.
395
Calculate the greatest common factor of 149317 and 1099.
7
What is the greatest common factor of 792336 and 7629147?
2913
What is the highest common divisor of 1846254 and 3384?
282
Calculate the highest common factor of 750600 and 180.
180
What is the highest common factor of 182 and 22361794?
182
What is the greatest common factor of 45956235 and 195?
195
What is the greatest common factor of 22435748 and 1219?
53
Calculate the highest common factor of 108982 and 2291.
29
What is the greatest common factor of 13 and 378668290?
13
Calculate the greatest common factor of 179 and 112652039.
179
Calculate the highest common divisor of 8701896 and 504.
168
What is the greatest common factor of 1418 and 1291858?
2
Calculate the highest common factor of 194977356 and 224.
28
What is the highest common factor of 13579 and 6535169?
367
Calculate the highest common divisor of 10520 and 55358344.
2104
Calculate the greatest common factor of 20 and 32716830.
10
What is the highest common factor of 132 and 621902457?
33
Calculate the highest common divisor of 4 and 9688845.
1
What is the highest common divisor of 32092875 and 4625?
4625
Calculate the greatest common divisor of 629 and 7668842.
37
Calculate the greatest common divisor of 21913 and 8091053.
1289
What is the greatest common factor of 2576335958 and 14?
14
What is the greatest common factor of 738 and 514648728?
738
Calculate the greatest common divisor of 46605926 and 6430.
1286
What is the greatest common divisor of 1110404792 and 112?
56
Calculate the highest common factor of 481137508 and 4.
4
Calculate the highest common factor of 5 and 4460382.
1
What is the highest common divisor of 34427820 and 420?
420
Calculate the greatest common factor of 2040 and 12146313.
51
What is the highest common divisor of 34 and 1850909?
17
Calculate the highest common factor of 7 and 281178233.
7
Calculate the greatest common divisor of 29349 and 220437.
9
What is the greatest common divisor of 125316 and 7110?
18
What is the highest common factor of 514413 and 3075234?
2811
What is the greatest common divisor of 79164 and 3510?
54
Calculate the greatest common divisor of 245 and 9706970.
35
What is the greatest common factor of 4449780 and 19116?
2124
What is the highest common factor of 12555 and 75163995?
1395
Calculate the greatest common divisor of 754 and 47652059.
13
What is the greatest common divisor of 44 and 722161?
11
What is the highest common factor of 1547 and 6071?
13
What is the greatest common divisor of 28912 and 1207648?
208
Calculate the greatest common factor of 346673 and 162892.
211
What is the highest common divisor of 5679 and 3790417?
631
Calculate the highest common factor of 1220 and 1143872.
244
What is the highest common divisor of 583923 and 13452?
177
What is the highest common divisor of 1220 and 29295555?
305
Calculate the highest common divisor of 1013380428 and 57.
57
Calculate the greatest common factor of 42539 and 3690078.
721
What is the greatest common divisor of 13700771 and 269311?
3409
Calculate the greatest common factor of 151795939 and 2315.
463
What is the highest common factor of 124575 and 87525?
75
What is the highest common divisor of 66005755 and 3155?
3155
What is the highest common divisor of 119938 and 1537172?
182
What is the greatest common factor of 31 and 27498767?
31
Calculate the greatest common divisor of 1470 and 8393595.
105
Calculate the greatest common factor of 17404706 and 127798.
3454
What is the highest common factor of 51794 and 17390?
94
What is the greatest common factor of 3 and 38498583?
3
Calculate the highest common factor of 350023 and 912757.
613
What is the greatest common divisor of 85666885 and 127735?
2165
Calculate the greatest common divisor of 3068 and 32084.
52
What is the greatest common factor of 108373 and 1455511?
101
What is the greatest common factor of 1172814 and 48?
6
What is the highest common divisor of 14053 and 185432?
13
Calculate the greatest common divisor of 3397168026 and 162.
162
What is the highest common divisor of 188877 and 18531435?
1131
What is the highest common divisor of 5870 and 508322042?
1174
What is the greatest common factor of 499892 and 3572?
188
What is the highest common factor of 32767 and 278897?
151
What is the highest common factor of 5496 and 74616?
24
Calculate the highest common divisor of 4756 and 2739292.
164
What is the highest common divisor of 3335448 and 192?
24
Calculate the highest common factor of 3720 and 24786825.
465
Calculate the highest common divisor of 7